 3141. What are the prime factors of g?
3, 83
Suppose 7*v - 11*v = 2*r - 6910, 0 = v - 14*r - 1742. What are the prime factors of v?
2, 3
Suppose 56574 = 5257*c - 5243*c. What are the prime factors of c?
3, 449
Let v = -14 + 33. Suppose -29*f + 10780 = -v*f. What are the prime factors of f?
2, 7, 11
Suppose -a + 2*a = -5*f + 5243, -3*f - 5283 = -a. What are the prime factors of a?
2, 3, 439
Let x be 32592/(-35) + 2/10 + -2. Let o = 1327 + x. List the prime factors of o.
2, 197
Suppose 0 = 3*a + q - 4*q - 21, -3*a = 5*q + 3. Suppose 5*g = 3*f - 1051, -a*g + 8*g = 3*f - 1049. List the prime factors of f.
347
Let l(s) be the first derivative of 7*s - 13/2*s**2 + 5/3*s**3 + 5/2*s**4 + 16. List the prime factors of l(3).
283
Let g = -72 + 74. Suppose g*o - 178 = 12. Suppose 181 = 3*l - o. List the prime factors of l.
2, 23
Suppose -4*n + 2*y = 10, 1 = 2*n + 2*y - 9. Suppose 9*w - 4*w - 1060 = n. Let p = w + -65. List the prime factors of p.
3, 7
Suppose 59*z = 2222187 - 224329. What are the prime factors of z?
2, 16931
Suppose 60*k = -350*k + 16392700 + 8441410. What are the prime factors of k?
7, 17, 509
Let w be ((-2)/(-4))/((-20)/4840). Let n = w - -354. List the prime factors of n.
233
Suppose -20 + 28 = 2*f, 202740 = 8*c - f. What are the prime factors of c?
25343
Suppose -58*s + 24 = -54*s, 2*h = -3*s + 130238. List the prime factors of h.
2, 5, 17, 383
Let f(b) = 1308*b + 57. Let v be f(8). Suppose -85*z + 78*z + v = 0. What are the prime factors of z?
3, 167
Suppose x - 92 = -2*w - 7, 82 = x + 3*w. Let d = x - -1013. List the prime factors of d.
2, 3, 23
What are the prime factors of (0 + -3)/((-30)/367910)?
36791
Let q(a) = a**3 - 9*a**2 + 17*a + 11. Let x be q(6). Let w(z) = 4*z**3 - x*z - 3 + 8*z**3 - z**2 + 8*z. What are the prime factors of w(2)?
5, 19
Suppose -2*j - 3712 = -31*j. Suppose -3 = 2*g + 125. Let v = g + j. What are the prime factors of v?
2
Let k(o) = o**3 - o**2 + o + 1. Let y(c) = -27*c**2 - 25*c - 22. Let x(m) = k(m) + y(m). What are the prime factors of x(29)?
2, 31
Let g = 573 - 563. Suppose 0 = -5*u - g*p + 5*p + 5345, 0 = -u - 4*p + 1060. List the prime factors of u.
2, 67
Suppose 82*m - 3791581 = -145*m. What are the prime factors of m?
16703
Let k(c) = -2*c**3 + 7*c**2 + 5*c + 4. Let h be k(4). Suppose 4*u - 58 = -2*m, 4*u + h*m - 55 = 5*m. What are the prime factors of u?
2
Suppose -12*u - 312 = 1548. Let v = u - -356. What are the prime factors of v?
3, 67
Let s(a) = -305*a + 8798. What are the prime factors of s(0)?
2, 53, 83
Let b = -63 + 70. Suppose 0 = 16*o - b*o - 7758. Suppose 0 = 10*q - 378 - o. List the prime factors of q.
2, 31
Suppose 108975*m + 1085838 = 109001*m. What are the prime factors of m?
3, 13921
Suppose 4*i + 4*q + 0*q = -16, 5*q = -4*i - 16. Let t be (-509)/(-5) + (-3)/(-19 - i). Let a = t - 86. What are the prime factors of a?
2
What are the prime factors of (-3)/((-3)/(-4) + (-1241415)/1655108)?
13, 4547
Let g be -36*(4 + -7)*1. Let j = -76 + g. Suppose 0 = -4*b + 12, -6*b = f - b - j. What are the prime factors of f?
17
Let l(s) = 2*s**2 - 3*s - 42. Let w be l(-6). List the prime factors of (-11)/(90/w - 2).
2, 11
Let c(h) = -29*h + 34. Let a be c(13). Let d = a - -942. List the prime factors of d.
599
Suppose -63*n = -9*n - 173070. List the prime factors of n.
5, 641
Let n = 2035 - 706. What are the prime factors of n?
3, 443
Let m = -54 - -72. Let a be 5/20*m*(-4)/6. Let y(o) = -67*o - 12. What are the prime factors of y(a)?
3, 7
Suppose 0 = -3*g + 4*g + 5. Let b = -103 - 43. What are the prime factors of b/(-8) - g/(-20)?
2, 3
Let a(v) = 2*v**2 + 32*v + 60. Let w be a(-14). Suppose 2*t = -d + 10 + 827, w*d = -2*t + 822. List the prime factors of t.
421
Let u(i) = 2*i**3 + 16*i**2 + 36*i - 1039. What are the prime factors of u(13)?
61, 107
Let c = -37489 + 73186. What are the prime factors of c?
3, 73, 163
Let s(u) = -u**2 + 13*u + 24. Let y be s(15). Let g(o) = 2*o**2 + 8*o - 18. Let n be g(y). Let r(i) = -i**2 + 12*i + 3. List the prime factors of r(n).
3, 13
Suppose -14*h + 10*h = -3*g - 95707, 0 = 3*h + g - 71764. What are the prime factors of h?
47, 509
Let a(y) = -3*y**3 + 9*y**2 + 290*y - 44. What are the prime factors of a(-16)?
2, 2477
Let m be ((-124)/(-20))/((-3)/(-15)). Suppose 0 = m*f - 34*f - 156. Let k = -46 - f. What are the prime factors of k?
2, 3
Suppose 2*p - 27 = 19. Suppose -p = -k + 4*i, i + 2*i + 6 = -3*k. Suppose 138 + 147 = k*m. What are the prime factors of m?
5, 19
Let c(v) = -4*v**2 - 20*v + 47. Let o(k) = -9*k**2 - 41*k + 94. Let n(a) = -7*c(a) + 3*o(a). List the prime factors of n(13).
7
Let a(m) be the first derivative of 5*m**2 + 95*m - 53. What are the prime factors of a(19)?
3, 5, 19
Let u = -69 + 73. Suppose 4*i - 483 = o + 330, -4*o = u*i - 788. Suppose -1621 = -11*l - i. What are the prime factors of l?
3, 43
Suppose -1213 = -3*t - 5*g + 11089, 0 = 2*t - 2*g - 8180. What are the prime factors of t?
2, 23, 89
Let o(b) = 646*b - 40. Let w(s) = -971*s + 60. Let d(g) = -7*o(g) - 5*w(g). What are the prime factors of d(4)?
2, 41
Let m = 939 + -529. Suppose -74 = 6*p - m. Suppose 2*y = -2*k + p, -27 - 57 = -3*y + k. What are the prime factors of y?
2, 7
Let g(r) = 2*r**3 + 6*r**2 - 20*r + 5. Let y be g(-5). Suppose -y*n = -17*n + 7032. What are the prime factors of n?
2, 293
Let d(c) = 932*c - 1769. List the prime factors of d(4).
3, 653
Let y = -3640 - -2420. Let h = -725 - y. Suppose -h = -3*o - 93. What are the prime factors of o?
2, 67
Let g(f) = f**3 + 18*f**2 + f + 23. Let k be g(-18). Suppose d = -4*d + 4*r + 16, 2*d = -k*r + 13. Suppose 4*l = 5*l - d. What are the prime factors of l?
2
Let i = -28822 + 31883. What are the prime factors of i?
3061
Let g = -46 - -48. Let l be 15/(-5) - g*-1 - -16. Suppose -l*a = -11*a - 460. What are the prime factors of a?
5, 23
Let x = -1532 + 2396. What are the prime factors of x?
2, 3
Let c = 286 - 283. Let w(n) = 11*n**3 + 2*n**2 + n - 6. List the prime factors of w(c).
2, 3, 13
Let n be 471*102/85*20/18. Suppose -3*u + 213 + n = -2*a, 2*u = -3*a + 539. List the prime factors of u.
277
Let c = -769 + 12852. What are the prime factors of c?
43, 281
Let n(r) be the third derivative of 11*r**5/30 + 2*r**4/3 + 89*r**3/6 - 57*r**2. What are the prime factors of n(-4)?
13, 29
Suppose 27 = -9*b + 10*b. Suppose -b*o + 21*o = -1416. What are the prime factors of o?
2, 59
Suppose -19*h = -20*h + 165. Let m(z) = -h*z**2 + 81*z**2 + 86*z**2 - 4 + 20*z. List the prime factors of m(-12).
2, 11
Suppose 0 = -3*z + u - 931, -3*u = -0*u + 15. Let q = z + 657. What are the prime factors of q?
3, 5, 23
What are the prime factors of ((1*-2)/4)/(133/(-2092356))?
2, 3, 19, 23
Let m = -60 + 100. Let q = m + -38. Suppose 5*l - 192 = -4*a + 137, 163 = q*a + 3*l. What are the prime factors of a?
2, 43
Suppose -10*z = -2*z + 224. Let h be 1/(21/2193) + 12/z. Suppose -106*y = -h*y - 432. What are the prime factors of y?
2, 3
Suppose 0*o + 20 = 5*o. Let a = 7406 - 7363. List the prime factors of a - (o + 1 + -1).
3, 13
Suppose -1181 = -2*b + u, 0 = 2*b - 5*b + 4*u + 1764. Suppose 68 = -4*p - b. Let x = p + 247. List the prime factors of x.
2, 41
Let p = -42 - -81. Let u = p - -79. What are the prime factors of u?
2, 59
Suppose 2*f + 40470 = 4*b - 274030, -3*f + 157250 = 2*b. List the prime factors of b.
5, 17, 37
List the prime factors of (462/(-693))/((-2)/5409).
3, 601
Suppose -81*u + 61*u + 11760 = 0. What are the prime factors of u?
2, 3, 7
Suppose 263*c + 269205 = 268*c. List the prime factors of c.
3, 131, 137
List the prime factors of (-14)/2*((-29808)/168 - -4).
2, 607
Suppose 0 = -200*z + 198*z - 168. Let u be (-2)/(-8) + (-317)/4. Let h = u - z. What are the prime factors of h?
5
Let q(g) = 329*g - 183. Let j(f) = 5*f**2 - 7*f - 1. Let s be j(2). What are the prime factors of q(s)?
2, 17, 43
Let k be 3 + (-1)/(-1 - -2). Suppose z = -k*z + 4*g + 192, -3*g - 309 = -5*z. List the prime factors of z.
2, 3, 5
Let y(l) = 0 - 1 + 1 - 2 + 3*l. Let h be y(-3). Let f = 15 + h. List the prime factors of f.
2
Suppose -5*d + 5*g = -338645, 3*d - 21*g = -22*g + 203195. List the prime factors of d.
3, 107, 211
What are the prime factors of (-17 + 703/38)/((-6)/(-97228))?
109, 223
Let i be ((-92)/8)/((-4)/8). Let z(d) = -4*d - i + 30 - 14*d